{"id":53,"date":"2012-09-25T20:38:13","date_gmt":"2012-09-25T18:38:13","guid":{"rendered":"http:\/\/fondazionetorriani.ch\/?page_id=53"},"modified":"2026-01-13T14:49:15","modified_gmt":"2026-01-13T13:49:15","slug":"home","status":"publish","type":"page","link":"https:\/\/fondazionetorriani.ch\/","title":{"rendered":"Home"},"content":{"rendered":"<p><a href=\"http:\/\/fondazionetorriani.ch\/wp-content\/uploads\/2012\/10\/IPT-26_OK.jpg\"><img loading=\"lazy\" class=\" wp-image-73 alignright\" title=\"Istituto Paolo Torriani per minorenni\" src=\"http:\/\/fondazionetorriani.ch\/wp-content\/uploads\/2012\/10\/IPT-26_OK.jpg\" alt=\"\" width=\"454\" height=\"302\" srcset=\"https:\/\/fondazionetorriani.ch\/wp-content\/uploads\/2012\/10\/IPT-26_OK.jpg 800w, https:\/\/fondazionetorriani.ch\/wp-content\/uploads\/2012\/10\/IPT-26_OK-300x199.jpg 300w\" sizes=\"(max-width: 454px) 100vw, 454px\" \/><\/a><\/p>\n<p>La <strong>Fondazione Paolo Torriani per minorenni<\/strong> \u00e8 una fondazione privata, con personalit\u00e0 giuridica e di pubblica utilit\u00e0, che non persegue scopi di lucro. Ha sede a Mendrisio ed \u00e8 iscritta nel Registro di commercio dal 23 settembre del 1932.<\/p>\n<p>Lo scopo della nostra Fondazione \u00e8 l\u2019<strong>accoglienza residenziale, semi-residenziale e la presa in carico educativa di minorenni<\/strong> che, per ragioni diverse, vivono delle situazioni di grave difficolt\u00e0.<\/p>\n<p>Nello svolgere questo compito, le nostre strutture educative cercano di collaborare e sostenere, nella misura del possibile, anche le famiglie dei minorenni accolti. Inoltre, collaborano attivamente con la rete di riferimento dell\u2019utente: la scuola, i datori di lavoro, i servizi, gli amici, le autorit\u00e0, i medici, ecc.<\/p>\n<p><a href=\"http:\/\/fondazionetorriani.ch\/wp-content\/uploads\/2012\/10\/Centro-PAO_1.jpg\"><img loading=\"lazy\" class=\"alignleft wp-image-141\" title=\"Centro PAO\" src=\"http:\/\/fondazionetorriani.ch\/wp-content\/uploads\/2012\/10\/Centro-PAO_1.jpg\" alt=\"\" width=\"454\" height=\"302\" srcset=\"https:\/\/fondazionetorriani.ch\/wp-content\/uploads\/2012\/10\/Centro-PAO_1.jpg 900w, https:\/\/fondazionetorriani.ch\/wp-content\/uploads\/2012\/10\/Centro-PAO_1-300x200.jpg 300w\" sizes=\"(max-width: 454px) 100vw, 454px\" \/><\/a><\/p>\n<p>\u00a0<\/p>\n<p>Attualmente La Fondazione Paolo Torriani per minorenni gestisce tre strutture educative e due servizi ambulatoriali\/residenziali.<\/p>\n<p>&#8211; l\u2019<strong>Istituto per minorenni Paolo Torriani<\/strong>, caratterizzato da una presa a carico educativa (internato-esternato) a medio-lungo termine;<\/p>\n<p>&#8211; il\u00a0<strong>Centro di Pronta Accoglienza e Osservazione (PAO)<\/strong>, specializzato nella presa a carico educativa (internato) in urgenza e a corto termine;<\/p>\n<p>&#8211; la <strong>Cellula Socio-educativa d\u2019Urgenza per Minorenni (CSUM)<\/strong>, specializzata nell\u2019intervento urgente, in situazioni di crisi, durante il fuori orario dei servizi.<\/p>\n\n\n<p>&#8211; <strong>Il Centro Educativo Minorile Itinerante (CEMI), <\/strong>specializzato nell\u2019intervento educativo intensivo di sostegno al domicilio della durata massima di 18 mesi.<\/p>\n\n\n\n<p>&#8211; <strong>L\u2019Accoglienza Time Out Personalizzato (TOP)<\/strong>, con sede nel Sopraceneri, specializzato nella presa a carico educativa di due minori (internato), in urgenza e a corto termine.<\/p>\n","protected":false},"excerpt":{"rendered":"<p>La Fondazione Paolo Torriani per minorenni \u00e8 una fondazione privata, con personalit\u00e0 giuridica e di pubblica utilit\u00e0, che non persegue scopi di lucro. Ha sede a Mendrisio ed \u00e8 iscritta nel Registro di commercio dal 23 settembre del 1932. Lo<span class=\"ellipsis\">&hellip;<\/span><\/p>\n<div class=\"read-more\"><a href=\"https:\/\/fondazionetorriani.ch\/\">Leggi altro &#8250;<\/a><\/div>\n<p><!-- end of .read-more --><\/p>\n","protected":false},"author":1,"featured_media":0,"parent":0,"menu_order":0,"comment_status":"closed","ping_status":"closed","template":"full-width-page.php","meta":[],"_links":{"self":[{"href":"https:\/\/fondazionetorriani.ch\/index.php?rest_route=\/wp\/v2\/pages\/53"}],"collection":[{"href":"https:\/\/fondazionetorriani.ch\/index.php?rest_route=\/wp\/v2\/pages"}],"about":[{"href":"https:\/\/fondazionetorriani.ch\/index.php?rest_route=\/wp\/v2\/types\/page"}],"author":[{"embeddable":true,"href":"https:\/\/fondazionetorriani.ch\/index.php?rest_route=\/wp\/v2\/users\/1"}],"replies":[{"embeddable":true,"href":"https:\/\/fondazionetorriani.ch\/index.php?rest_route=%2Fwp%2Fv2%2Fcomments&post=53"}],"version-history":[{"count":42,"href":"https:\/\/fondazionetorriani.ch\/index.php?rest_route=\/wp\/v2\/pages\/53\/revisions"}],"predecessor-version":[{"id":559,"href":"https:\/\/fondazionetorriani.ch\/index.php?rest_route=\/wp\/v2\/pages\/53\/revisions\/559"}],"wp:attachment":[{"href":"https:\/\/fondazionetorriani.ch\/index.php?rest_route=%2Fwp%2Fv2%2Fmedia&parent=53"}],"curies":[{"name":"wp","href":"https:\/\/api.w.org\/{rel}","templated":true}]}}

<p><a href="http://fondazionetorriani.ch/wp-content/uploads/2012/10/IPT-26_OK.jpg"><img loading="lazy" class=" wp-image-73 alignright" title="Istituto Paolo Torriani per minorenni" src="http://fondazionetorriani.ch/wp-content/uploads/2012/10/IPT-26_OK.jpg" alt="" width="454" height="302" srcset="https://fondazionetorriani.ch/wp-content/uploads/2012/10/IPT-26_OK.jpg 800w, https://fondazionetorriani.ch/wp-content/uploads/2012/10/IPT-26_OK-300x199.jpg 300w" sizes="(max-width: 454px) 100vw, 454px" /></a></p>
<p>La <strong>Fondazione Paolo Torriani per minorenni</strong> è una fondazione privata, con personalità giuridica e di pubblica utilità, che non persegue scopi di lucro. Ha sede a Mendrisio ed è iscritta nel Registro di commercio dal 23 settembre del 1932.</p>
<p>Lo scopo della nostra Fondazione è l’<strong>accoglienza residenziale, semi-residenziale e la presa in carico educativa di minorenni</strong> che, per ragioni diverse, vivono delle situazioni di grave difficoltà.</p>
<p>Nello svolgere questo compito, le nostre strutture educative cercano di collaborare e sostenere, nella misura del possibile, anche le famiglie dei minorenni accolti. Inoltre, collaborano attivamente con la rete di riferimento dell’utente: la scuola, i datori di lavoro, i servizi, gli amici, le autorità, i medici, ecc.</p>
<p><a href="http://fondazionetorriani.ch/wp-content/uploads/2012/10/Centro-PAO_1.jpg"><img loading="lazy" class="alignleft wp-image-141" title="Centro PAO" src="http://fondazionetorriani.ch/wp-content/uploads/2012/10/Centro-PAO_1.jpg" alt="" width="454" height="302" srcset="https://fondazionetorriani.ch/wp-content/uploads/2012/10/Centro-PAO_1.jpg 900w, https://fondazionetorriani.ch/wp-content/uploads/2012/10/Centro-PAO_1-300x200.jpg 300w" sizes="(max-width: 454px) 100vw, 454px" /></a></p>
<p> </p>
<p>Attualmente La Fondazione Paolo Torriani per minorenni gestisce tre strutture educative e due servizi ambulatoriali/residenziali.</p>
<p>&#8211; l’<strong>Istituto per minorenni Paolo Torriani</strong>, caratterizzato da una presa a carico educativa (internato-esternato) a medio-lungo termine;</p>
<p>&#8211; il <strong>Centro di Pronta Accoglienza e Osservazione (PAO)</strong>, specializzato nella presa a carico educativa (internato) in urgenza e a corto termine;</p>
<p>&#8211; la <strong>Cellula Socio-educativa d’Urgenza per Minorenni (CSUM)</strong>, specializzata nell’intervento urgente, in situazioni di crisi, durante il fuori orario dei servizi.</p>


<p>&#8211; <strong>Il Centro Educativo Minorile Itinerante (CEMI), </strong>specializzato nell’intervento educativo intensivo di sostegno al domicilio della durata massima di 18 mesi.</p>



<p>&#8211; <strong>L’Accoglienza Time Out Personalizzato (TOP)</strong>, con sede nel Sopraceneri, specializzato nella presa a carico educativa di due minori (internato), in urgenza e a corto termine.</p>

<p>La Fondazione Paolo Torriani per minorenni è una fondazione privata, con personalità giuridica e di pubblica utilità, che non persegue scopi di lucro. Ha sede a Mendrisio ed è iscritta nel Registro di commercio dal 23 settembre del 1932. Lo<span class="ellipsis">&hellip;</span></p>
<div class="read-more"><a href="https://fondazionetorriani.ch/">Leggi altro &#8250;</a></div>
<p><!-- end of .read-more --></p>
