{"id":475,"date":"2024-05-02T09:56:50","date_gmt":"2024-05-02T07:56:50","guid":{"rendered":"https:\/\/fondazionetorriani.ch\/?page_id=475"},"modified":"2024-05-02T14:05:07","modified_gmt":"2024-05-02T12:05:07","slug":"cemi","status":"publish","type":"page","link":"https:\/\/fondazionetorriani.ch\/?page_id=475","title":{"rendered":"CEMI"},"content":{"rendered":"\n<div class=\"wp-block-image\"><figure class=\"alignright size-large is-resized\"><a href=\"https:\/\/fondazionetorriani.ch\/wp-content\/uploads\/2024\/05\/CEMI_logo_2b.png\"><img loading=\"lazy\" src=\"https:\/\/fondazionetorriani.ch\/wp-content\/uploads\/2024\/05\/CEMI_logo_2b-1024x512.png\" alt=\"\" class=\"wp-image-477\" width=\"405\" height=\"203\" srcset=\"https:\/\/fondazionetorriani.ch\/wp-content\/uploads\/2024\/05\/CEMI_logo_2b-1024x512.png 1024w, https:\/\/fondazionetorriani.ch\/wp-content\/uploads\/2024\/05\/CEMI_logo_2b-300x150.png 300w, https:\/\/fondazionetorriani.ch\/wp-content\/uploads\/2024\/05\/CEMI_logo_2b-768x384.png 768w, https:\/\/fondazionetorriani.ch\/wp-content\/uploads\/2024\/05\/CEMI_logo_2b-1536x769.png 1536w, https:\/\/fondazionetorriani.ch\/wp-content\/uploads\/2024\/05\/CEMI_logo_2b-2048x1025.png 2048w, https:\/\/fondazionetorriani.ch\/wp-content\/uploads\/2024\/05\/CEMI_logo_2b-100x50.png 100w, https:\/\/fondazionetorriani.ch\/wp-content\/uploads\/2024\/05\/CEMI_logo_2b-150x75.png 150w, https:\/\/fondazionetorriani.ch\/wp-content\/uploads\/2024\/05\/CEMI_logo_2b-200x100.png 200w, https:\/\/fondazionetorriani.ch\/wp-content\/uploads\/2024\/05\/CEMI_logo_2b-450x225.png 450w, https:\/\/fondazionetorriani.ch\/wp-content\/uploads\/2024\/05\/CEMI_logo_2b-600x300.png 600w, https:\/\/fondazionetorriani.ch\/wp-content\/uploads\/2024\/05\/CEMI_logo_2b-900x450.png 900w\" sizes=\"(max-width: 405px) 100vw, 405px\" \/><\/a><\/figure><\/div>\n\n\n\n<p><strong>Centro Educativo Minorile Itinerante<\/strong><\/p>\n\n\n\n<p>Il servizio CEMI nasce nel 2019 e prevede un seguito al domicilio intenso da parte degli educatori a favore di adolescenti in situazioni di disagio emotivo, sociale e familiare grave, a rischio evolutivo.<br>Le ragazze e i ragazzi che seguiamo hanno sovente accumulato esperienze sofferte e fallimentari in vari ambiti:<\/p>\n\n\n\n<ul><li>a livello progettuale, hanno sperimentato collocamenti presso Centri educativi o Comunit\u00e0 terapeutiche che non hanno avuto un buon esito;<\/li><li>scolarit\u00e0 precaria e\/o assente, mancanza di attivit\u00e0 e di alternative progettuali future;<\/li><li>sul piano familiare, vi sono delle relazioni conflittuali e problematiche;<\/li><li>assenza o scarsit\u00e0 di relazioni significative e valide con i pari o frequentazioni di gruppi di amicizie con comportamenti devianti e a rischio.<\/li><\/ul>\n\n\n\n<p>L\u2019intervento del CEMI \u00e8 attivato dagli Uffici dell\u2019Aiuto e della Protezione (UAP), pu\u00f2 durare fino ad un massimo di 18 mesi ed \u00e8 rivolto ai minori dai 12 ai 18 anni. <br>Si basa su un approccio che tiene in considerazione il sistema delle relazioni significative delle persone coinvolte, in un\u2019ottica di co-costruzione di obiettivi e di interventi a corto-medio-lungo termine nel tentativo di raggiungere la maggior adesione possibile del minore e della famiglia.<br>L\u2019intervento si articola attraverso incontri regolari di circa 12 ore alla settimana, con orari flessibili e anche nel finesettimana. Prevede l\u2019individuazione di risorse e competenze sia del minore che del sistema familiare, come pure la gestione delle situazioni di crisi, l\u2019organizzazione di attivit\u00e0 ludiche-manuali-pragmatiche, l\u2019occupazione costruttiva del tempo, il lavoro di collaborazione con la rete di<br>riferimento del minore.<br>L\u2019obiettivo principale \u00e8 quello di mantenere il minore in famiglia. Nel caso non fosse possibile mantenere sufficientemente in protezione l\u2019adolescente, si cercher\u00e0 di costruire un&#8217;altra progettualit\u00e0 condivisa al di fuori del contesto familiare. Un altro obiettivo di fondo \u00e8 accompagnare il minore nel suo percorso di crescita verso una sana autodeterminazione, l\u2019integrazione sociale e l\u2019autonomia.<\/p>\n","protected":false},"excerpt":{"rendered":"<p>Centro Educativo Minorile Itinerante Il servizio CEMI nasce nel 2019 e prevede un seguito al domicilio intenso da parte degli educatori a favore di adolescenti in situazioni di disagio emotivo, sociale e familiare grave, a rischio evolutivo.Le ragazze e i<span class=\"ellipsis\">&hellip;<\/span><\/p>\n<div class=\"read-more\"><a href=\"https:\/\/fondazionetorriani.ch\/?page_id=475\">Leggi altro &#8250;<\/a><\/div>\n<p><!-- end of .read-more --><\/p>\n","protected":false},"author":1,"featured_media":0,"parent":0,"menu_order":4,"comment_status":"closed","ping_status":"closed","template":"full-width-page.php","meta":[],"_links":{"self":[{"href":"https:\/\/fondazionetorriani.ch\/index.php?rest_route=\/wp\/v2\/pages\/475"}],"collection":[{"href":"https:\/\/fondazionetorriani.ch\/index.php?rest_route=\/wp\/v2\/pages"}],"about":[{"href":"https:\/\/fondazionetorriani.ch\/index.php?rest_route=\/wp\/v2\/types\/page"}],"author":[{"embeddable":true,"href":"https:\/\/fondazionetorriani.ch\/index.php?rest_route=\/wp\/v2\/users\/1"}],"replies":[{"embeddable":true,"href":"https:\/\/fondazionetorriani.ch\/index.php?rest_route=%2Fwp%2Fv2%2Fcomments&post=475"}],"version-history":[{"count":4,"href":"https:\/\/fondazionetorriani.ch\/index.php?rest_route=\/wp\/v2\/pages\/475\/revisions"}],"predecessor-version":[{"id":491,"href":"https:\/\/fondazionetorriani.ch\/index.php?rest_route=\/wp\/v2\/pages\/475\/revisions\/491"}],"wp:attachment":[{"href":"https:\/\/fondazionetorriani.ch\/index.php?rest_route=%2Fwp%2Fv2%2Fmedia&parent=475"}],"curies":[{"name":"wp","href":"https:\/\/api.w.org\/{rel}","templated":true}]}}

<div class="wp-block-image"><figure class="alignright size-large is-resized"><a href="https://fondazionetorriani.ch/wp-content/uploads/2024/05/CEMI_logo_2b.png"><img loading="lazy" src="https://fondazionetorriani.ch/wp-content/uploads/2024/05/CEMI_logo_2b-1024x512.png" alt="" class="wp-image-477" width="405" height="203" srcset="https://fondazionetorriani.ch/wp-content/uploads/2024/05/CEMI_logo_2b-1024x512.png 1024w, https://fondazionetorriani.ch/wp-content/uploads/2024/05/CEMI_logo_2b-300x150.png 300w, https://fondazionetorriani.ch/wp-content/uploads/2024/05/CEMI_logo_2b-768x384.png 768w, https://fondazionetorriani.ch/wp-content/uploads/2024/05/CEMI_logo_2b-1536x769.png 1536w, https://fondazionetorriani.ch/wp-content/uploads/2024/05/CEMI_logo_2b-2048x1025.png 2048w, https://fondazionetorriani.ch/wp-content/uploads/2024/05/CEMI_logo_2b-100x50.png 100w, https://fondazionetorriani.ch/wp-content/uploads/2024/05/CEMI_logo_2b-150x75.png 150w, https://fondazionetorriani.ch/wp-content/uploads/2024/05/CEMI_logo_2b-200x100.png 200w, https://fondazionetorriani.ch/wp-content/uploads/2024/05/CEMI_logo_2b-450x225.png 450w, https://fondazionetorriani.ch/wp-content/uploads/2024/05/CEMI_logo_2b-600x300.png 600w, https://fondazionetorriani.ch/wp-content/uploads/2024/05/CEMI_logo_2b-900x450.png 900w" sizes="(max-width: 405px) 100vw, 405px" /></a></figure></div>



<p><strong>Centro Educativo Minorile Itinerante</strong></p>



<p>Il servizio CEMI nasce nel 2019 e prevede un seguito al domicilio intenso da parte degli educatori a favore di adolescenti in situazioni di disagio emotivo, sociale e familiare grave, a rischio evolutivo.<br>Le ragazze e i ragazzi che seguiamo hanno sovente accumulato esperienze sofferte e fallimentari in vari ambiti:</p>



<ul><li>a livello progettuale, hanno sperimentato collocamenti presso Centri educativi o Comunità terapeutiche che non hanno avuto un buon esito;</li><li>scolarità precaria e/o assente, mancanza di attività e di alternative progettuali future;</li><li>sul piano familiare, vi sono delle relazioni conflittuali e problematiche;</li><li>assenza o scarsità di relazioni significative e valide con i pari o frequentazioni di gruppi di amicizie con comportamenti devianti e a rischio.</li></ul>



<p>L’intervento del CEMI è attivato dagli Uffici dell’Aiuto e della Protezione (UAP), può durare fino ad un massimo di 18 mesi ed è rivolto ai minori dai 12 ai 18 anni. <br>Si basa su un approccio che tiene in considerazione il sistema delle relazioni significative delle persone coinvolte, in un’ottica di co-costruzione di obiettivi e di interventi a corto-medio-lungo termine nel tentativo di raggiungere la maggior adesione possibile del minore e della famiglia.<br>L’intervento si articola attraverso incontri regolari di circa 12 ore alla settimana, con orari flessibili e anche nel finesettimana. Prevede l’individuazione di risorse e competenze sia del minore che del sistema familiare, come pure la gestione delle situazioni di crisi, l’organizzazione di attività ludiche-manuali-pragmatiche, l’occupazione costruttiva del tempo, il lavoro di collaborazione con la rete di<br>riferimento del minore.<br>L’obiettivo principale è quello di mantenere il minore in famiglia. Nel caso non fosse possibile mantenere sufficientemente in protezione l’adolescente, si cercherà di costruire un&#8217;altra progettualità condivisa al di fuori del contesto familiare. Un altro obiettivo di fondo è accompagnare il minore nel suo percorso di crescita verso una sana autodeterminazione, l’integrazione sociale e l’autonomia.</p>
